k) = -k + 1. Suppose -80 = c - 5*c. Suppose -13*i + 63 = -c*i. Give z(i).
10
Suppose 0 = 10*j - 62*j - 91 + 715. Let t(s) = -s**3 + 10*s**2 + 25*s + 5. Determine t(j).
17
Let f(m) = m + 1. Let u(h) = -h**2 - 2*h - 2. Let p(w) = -f(w) + u(w). Let o be (-2 + 5 + -1)*-1. What is p(o)?
-1
Let v(u) = 28*u**2 + 45*u + 52. Let w(k) = 6*k**2 + 9*k - 1. Let j(c) = v(c) - 5*w(c). Calculate j(0).
57
Let n be 1/(0 - -1)*-2. Let u(m) = 1 - 1 - 6314*m + 1 + 2 + 6309*m - 5. Give u(n).
8
Let p(u) be the first derivative of -u**3/3 + u**2 - 24*u - 3760. Determine p(0).
-24
Let n(p) = -3*p**3 + 2*p**2 + 3. Let d(z) = -13*z**3 + 7*z**2 - 2*z + 12. Let q(y) = 2*d(y) - 9*n(y). Let h be (2 - 3)*-5*(-5)/(-5). Give q(h).
2
Suppose -8*d + 3 = -13. Let p be -3 + 236/(-4) - (d - 2). Let o = -57 - p. Let b(s) = -4*s + 3. Calculate b(o).
-17
Let h(d) be the first derivative of d**4/12 - d**3 + d**2/2 - 157*d - 123. Let o(b) be the first derivative of h(b). Determine o(4).
-7
Let m(s) = 2*s + 48. Let c be m(-14). Let u(y) = c*y**3 - 21*y**3 + 7*y**2 - 8 - 2*y - 2*y. Suppose 0 = j - 0*j - 6. Determine u(j).
4
Suppose 141714 = 10*o + 26574. Let c(f) = -11513*f - 1 - 1 + o*f. Calculate c(-6).
-8
Let m = 78 + -77. Let r be 54/63 + m/7. Let b(u) = 5*u**3 + 2*u**2 + 4*u. Let w(c) = c**3 - c**2 + 1. Let j(p) = r*b(p) - 4*w(p). What is j(-5)?
1
Let k(y) = -y**2 + 2*y + 1. Let d(c) = -c**2 - 13*c + 72. Let g be d(-17). Suppose 0 = -8*x + g*x - 20. Determine k(x).
-34
Let m be ((-3)/(-1))/(28/336*18). Let z(o) be the third derivative of -7/2*o**3 - 1/60*o**5 - 1/24*o**4 + 0*o + 21*o**m + 0. Calculate z(0).
-21
Let f(b) = 50 + 51 - 196 + 2*b + 49 + 41 - 6*b. Let y be 2 - 3/3*-2. Suppose -y*p - 5 = 11. What is f(p)?
11
Let y(k) = 14*k + 234 + 248 - 718 + 255. Determine y(-2).
-9
Let o(h) = 7*h + 31. Suppose 62*w - 67*w + 3*g = 54, -3*w = -5*g + 58. Give o(w).
-11
Let v(i) be the second derivative of -i**5/20 - 31*i**4/12 - 5*i**3 - 1753*i. Calculate v(-30).
0
Let l(p) be the first derivative of p**4/4 + p**3 - p**2/2 - p - 4. Let g = -23 - -21. Let f be (-2 + 6)/g - 0/(-1). Determine l(f).
5
Let g(f) be the third derivative of -3*f**5/20 - f**4/3 + f**3/2 - f**2 + 14745*f. Give g(3).
-102
Suppose 4*w = -4*c - 52, 3*c + 19 = -w - 10. Let m = 6 + c. Let z(x) be the first derivative of 4*x**3/3 + 3*x**2/2 + 2*x - 1520. Calculate z(m).
12
Let i(z) = -z**3 + 6*z**2 - 2*z + 8. Suppose 11*n - 2*c = 16*n - 43, 3*n - 3*c = 9. Let y be (-4)/(8/(-26)) - n. What is i(y)?
-4
Let s(x) = 32*x**2 + 210 - 101 + 21*x - 31*x**2. What is s(-13)?
5
Let i(g) = -g**2 + 7*g + 6. Let y = 699 + -669. Let s = y + -22. What is i(s)?
-2
Let w(q) be the second derivative of q**4/6 - q**3/3 - 6*q**2 - 5*q - 1. Calculate w(5).
28
Let m = 236 - 234. Suppose -4 = -m*a - 5*q - 18, -4*a - 6 = -q. Let v(u) = -u**3 + u**2 - u - 1. Calculate v(a).
13
Let g(l) = -12*l + 14. Suppose -142*s - 126*s - 491 = 581. Determine g(s).
62
Suppose -37*a - 6 = -40*a. Suppose 10 = f - u, u - 12 + 1 = -a*f. Let m(d) = -d**2 + 5*d + 3. Give m(f).
-11
Let h(p) = 4*p**2 + 14*p + 5. Let j = 725 + -727. Give h(j).
-7
Let i(h) = -h**3 + 5*h**2 + 9*h - 22. Suppose 5*j = 3*p - 2 - 36, 4*j - 2 = -3*p. Give i(p).
-4
Suppose -h - c - 5 = -2, -4*h = 2*c + 6. Let k(f) be the first derivative of -9 - 1/2*f**2 - 8*f - 1/3*f**3. Determine k(h).
-8
Let u(q) = 115*q**2 + 71*q + q**3 - 76*q - 101*q**2 - 13. Determine u(-14).
57
Let z(k) = -20*k + 94. Let g be z(5). Let p(y) = y**3 + 6*y**2 - 2*y + 1. What is p(g)?
13
Let q be ((-6)/(-5))/(4/5)*10. Let f be (-10)/q - 4/(-6)*4. Let k(d) = 3 - 3*d**3 + 11*d**2 - 26*d**2 + 5*d + 11*d**f + 2*d**3. Determine k(-4).
-17
Let q(n) = -625 - 681 - n**2 + 1308. Suppose -5*b - d - 5 = 0, 8*d - 25 = 3*d. Calculate q(b).
-2
Let t(w) = 3*w**2 + 7*w + 43. Suppose -6 = -c + 6. Let s be t(c). Let k(j) = 3*j + 0*j + s - 558. What is k(1)?
4
Let v(n) = 75*n - 62*n - 10*n + 8 - 110 - 9. Give v(36).
-3
Suppose -37 - 2 = z + 2*x, 3*z + 4*x = -121. Let d = z + 48. Suppose 0*i + i = 4*k + 15, 5 = -d*i + 4*k. Let c(o) = o**3 + 4*o**2 - 2*o - 4. Determine c(i).
-19
Suppose 18 = a + a. Let z(f) = -871*f**2 - 15*f + 14. Let t(h) = -1089*h**2 - 16*h + 15. Let w(o) = -4*t(o) + 5*z(o). Calculate w(a).
-8
Let u be ((14 - 25) + 10)*0. Let o(a) = a**3 - 5*a**2 + a. Determine o(u).
0
Let v(j) = j**2 - 3*j + 4 - 1 - 11*j. Let b be (-30)/(-2) + (-4 - 4). Give v(b).
-46
Let b(r) = 8*r - 65. Let g be b(12). Let k(h) = 64*h - g*h - 34*h. Let q be -1 + 0 - -2 - 0. Determine k(q).
-1
Let b be (280/(-14))/4 + 4. Let h(g) = 80*g + 7. Determine h(b).
-73
Let c(q) = -2*q**2 - 64*q - 50. Let y be c(-30). Suppose -5*w = -y + 95. Let s(u) = u + 2. Determine s(w).
-3
Let k(z) be the first derivative of -z**2/2 + 10*z + 40. Let x be (0/2)/(11 - 12). Let o be 15*1/(3 + x). Give k(o).
5
Let h(n) = -31*n - 27*n + 55*n + 4 - 19 - 36. Determine h(-19).
6
Suppose -v - 706 = 4*y + v, 0 = y - 3*v + 166. Let b = 170 + y. Let t(d) = d**3 + 6*d**2 + d - 9. Give t(b).
11
Let b(w) = -8*w**2 - w - 6*w + 1933 - 3876 + 1929. What is b(-2)?
-32
Let g(c) = c**2 - 15*c - 30. Let p = 8108 - 8091. Determine g(p).
4
Let b(u) = u**2 + 23*u + 53. Suppose -137*t = 5*l - 140*t + 103, l + 3*t = -17. What is b(l)?
-7
Let l(q) be the second derivative of 0 - 1/24*q**4 + 19/2*q**2 + 2/3*q**3 - q. Let f(n) be the first derivative of l(n). Give f(-7).
11
Let u = 192 + -189. Let l(b) = -2*b**2 + 15*b**3 - 128*b + 127*b + 9*b**u. Give l(-1).
-25
Let l(x) be the first derivative of -3*x - 2/3*x**3 - 1/4*x**4 - 88 - 3/2*x**2. What is l(-2)?
3
Let u be (6/(-7))/(86/(-1505)). Let w(h) = 13 + h - 23 + u. Calculate w(-9).
-4
Suppose -6*z = -11*z + 10. Let h(o) = 117 + 122 + 7*o**3 - 8*o**3 - 241 - o**2 + 4*o. What is h(z)?
-6
Let a(f) = 77*f**3 + 65*f**2 + 91*f - 34. Let x(i) = 23*i**3 + 22*i**2 + 30*i - 10. Let y(u) = -3*a(u) + 10*x(u). Calculate y(26).
28
Let r = 3 - 4. Let v be -5*(-3)/(-45)*12. Let g(m) = 29*m - 5. Let q(t) = 19*t - 4. Let w(p) = v*q(p) + 3*g(p). Calculate w(r).
-10
Let v(q) = -3*q**3 - 12*q**2 - 4*q + 11. Let o(w) = -36*w**3 - 4*w**2 - w + 14*w**3 + 4 + 21*w**3. Let f(d) = 8*o(d) - 3*v(d). Calculate f(-3).
-4
Suppose 914*u - 24 + 3 = 921*u. Let m(p) be the third derivative of -1/12*p**4 + 0*p + 1/3*p**3 + 1/30*p**5 + 1/120*p**6 - 3*p**2 + 0. Give m(u).
-1
Let r(c) be the second derivative of 1/6*c**3 + 0 - 24*c + 1/12*c**4 - 1/2*c**2. What is r(4)?
19
Let o = -3480 - -3480. Let d(q) be the first derivative of -q**2/2 - 33*q + 3. What is d(o)?
-33
Let w(j) = j**2 + 4*j. Let s = 27358 + -27369. Calculate w(s).
77
Let y(u) = -2*u**2 + u + 8. Suppose 0 = 5*q + 66*q + 17*q + 264. Determine y(q).
-13
Let g(o) = 5*o**2 + 8*o + 11. Let n be g(-4). Suppose -9*l - 6 + 447 = 0. Let c = n - l. Let s(q) = -q + 9. Give s(c).
-1
Let k(z) = 113 - 31*z**2 + z**3 - 209305*z + 209358*z - 25*z**2. Give k(55).
3
Let w(m) be the second derivative of 1 + 0*m**3 + 0*m**2 - 2*m + 1/12*m**4. Give w(3).
9
Let f(s) = s**3 - 13*s**2 + 10*s + 12. Suppose t = -4*d - 42 + 521, -4*t = d - 116. Let r be (-49)/(-5) + 2 + 24/d. Calculate f(r).
-12
Let u(s) = 13*s + 41. Let h(q) = -5*q - 13. Let k(a) = 8*h(a) + 3*u(a). Let v be k(9). Let g(m) = m**2 - 11*m + 4. Calculate g(v).
-6
Let p(f) = -6759 + 6756 - 2*f + 15*f. Let u(m) = 6*m - 1. Suppose -4*a + 48 = 3*o, 0*a + 5*o = -3*a + 47. Let w(l) = a*u(l) - 4*p(l). Determine w(-2).
-1
Let f(k) = k**2 - 9*k - 27. Let l be (-1 - -3)/((-11)/(231/216) + 10). Calculate f(l).
85
Let s(b) = -b**3 + 11*b**2 - b - 6. Suppose -77 = 7230*n - 7237*n. Determine s(n).
-17
Let q(z) = z**3 + 10*z**2 + z + 10. Let j be q(-10). Suppose -4*m + 291 - 71 = j. Let l = m + -50. Let g(b) = b - 6. Calculate g(l).
-1
Let h(z) = 2*z**2 - 13*z - 22. Let d be h(8). Let v(f) = -12*f + d - 1 + 7 - 7. Calculate v(-1).
13
Let l(h) = -h + 9*h**2 - 4 - h**3 + 0*h**3 + 2*h**3. Let g be (-10)/4*(7 + (-472)/40). Suppose -r = -3*v - 29, -2 - g = 2*v + 2*r. What is l(v)?
5
Let v be 30/4*(2 + (-16)/10). Let w(k) = -4 + 23*k - 52*k + v + 33*k. Determine w(4).
15
Let m(b) = 23*b**2 + 80*b - 28. Let s(t) = -20*t**2 - 69*t + 28. Let w(l) = -7*m(l) - 8*s(l). Calculate w(-10).
-48
Let m = -4397 - -4396. Let l(w) = -57*w**3 + w**2 + 3*w + 2. What is l(m)?
57
Let i(p) = -5*p**3 - 2*p**2 + p - 1. Suppose -22 = 